{"id":132,"date":"2022-11-15T18:51:48","date_gmt":"2022-11-15T18:51:48","guid":{"rendered":"https:\/\/schnischnap.hhit.ch\/index.php\/produkt\/teknia-organic-balance-oil-100-ml\/"},"modified":"2023-02-09T13:45:40","modified_gmt":"2023-02-09T13:45:40","slug":"teknia-organic-balance-oil-100-ml","status":"publish","type":"product","link":"https:\/\/schnip-schnap.ch\/index.php\/produkt\/teknia-organic-balance-oil-100-ml\/","title":{"rendered":"TEKNIA Organic Balance Oil"},"content":{"rendered":"<p>Das Lakm\u00e9\u00a0<em><strong>TEKNIA Organic Balance Oil<\/strong><\/em>\u00a0mit einer Zusammensetzung aus 99 % nat\u00fcrlichen Wirkstoffen, besteht aus einem naturreinem organischen \u00d6l. Es ist reich an Omega-3 und versorgt das Haar mit N\u00e4hrstoffen. Die trockene, fettfreie Textur des Lakm\u00e9 TEKNIA Organic Balance Oil zieht schnell in das Haar ein, macht es wieder geschmeidig und verleiht ihm ein nat\u00fcrliches Aussehen. Das Kendi-\u00d6l eignet sich auch hervorragend als K\u00f6rper\u00f6l, fettfrei und n\u00e4hrend. Vegane Formel.<\/p>\n<p><em><strong>100ml<\/strong><\/em><\/p>\n<p><strong>Anwendung<\/strong>:<br \/>\nAuf die Handinnenfl\u00e4che spr\u00fchen und vom Haark\u00f6rper bis in die Spitzen im feuchten oder trockenen Haar verteilen.<\/p>\n","protected":false},"excerpt":{"rendered":"<p>Das Lakm\u00e9\u00a0TEKNIA Organic Balance Oil\u00a0mit einer Zusammensetzung aus 99 % nat\u00fcrlichen Wirkstoffen, besteht aus einem naturreinem organischen \u00d6l. Es ist reich an Omega-3 und versorgt das Haar mit N\u00e4hrstoffen. Die trockene, fettfreie Textur des Lakm\u00e9 TEKNIA Organic Balance Oil zieht schnell in das Haar ein, macht es wieder geschmeidig und verleiht ihm ein nat\u00fcrliches Aussehen. [&hellip;]<\/p>\n","protected":false},"featured_media":539,"comment_status":"open","ping_status":"closed","template":"","meta":{"_et_pb_use_builder":"","_et_pb_old_content":"","_et_gb_content_width":""},"product_brand":[],"product_cat":[37],"product_tag":[],"class_list":{"0":"post-132","1":"product","2":"type-product","3":"status-publish","4":"has-post-thumbnail","6":"product_cat-teknia","8":"first","9":"instock","10":"shipping-taxable","11":"purchasable","12":"product-type-simple"},"_links":{"self":[{"href":"https:\/\/schnip-schnap.ch\/index.php\/wp-json\/wp\/v2\/product\/132","targetHints":{"allow":["GET"]}}],"collection":[{"href":"https:\/\/schnip-schnap.ch\/index.php\/wp-json\/wp\/v2\/product"}],"about":[{"href":"https:\/\/schnip-schnap.ch\/index.php\/wp-json\/wp\/v2\/types\/product"}],"replies":[{"embeddable":true,"href":"https:\/\/schnip-schnap.ch\/index.php\/wp-json\/wp\/v2\/comments?post=132"}],"wp:featuredmedia":[{"embeddable":true,"href":"https:\/\/schnip-schnap.ch\/index.php\/wp-json\/wp\/v2\/media\/539"}],"wp:attachment":[{"href":"https:\/\/schnip-schnap.ch\/index.php\/wp-json\/wp\/v2\/media?parent=132"}],"wp:term":[{"taxonomy":"product_brand","embeddable":true,"href":"https:\/\/schnip-schnap.ch\/index.php\/wp-json\/wp\/v2\/product_brand?post=132"},{"taxonomy":"product_cat","embeddable":true,"href":"https:\/\/schnip-schnap.ch\/index.php\/wp-json\/wp\/v2\/product_cat?post=132"},{"taxonomy":"product_tag","embeddable":true,"href":"https:\/\/schnip-schnap.ch\/index.php\/wp-json\/wp\/v2\/product_tag?post=132"}],"curies":[{"name":"wp","href":"https:\/\/api.w.org\/{rel}","templated":true}]}}