{"id":142,"date":"2022-11-15T18:51:52","date_gmt":"2022-11-15T18:51:52","guid":{"rendered":"https:\/\/schnischnap.hhit.ch\/index.php\/produkt\/teknia-frizz-control-conditioner-leave-in-300ml\/"},"modified":"2023-02-09T13:28:44","modified_gmt":"2023-02-09T13:28:44","slug":"teknia-frizz-control-conditioner-leave-in-300ml","status":"publish","type":"product","link":"https:\/\/schnip-schnap.ch\/index.php\/produkt\/teknia-frizz-control-conditioner-leave-in-300ml\/","title":{"rendered":"TEKNIA Frizz Control Conditioner Leave-in"},"content":{"rendered":"<p>Der Lakm\u00e9\u00a0<em><strong>TEKNIA Frizz Control Conditioner Leave-In<\/strong><\/em>\u00a0ist ein z\u00e4hmender Conditioner f\u00fcr widerspenstiges Haar. Es entwirrt und kontrolliert die nat\u00fcrliche Kr\u00e4uselbildung von glattem oder lockigem Haar. Mit nativem Chia-\u00d6l und hochkonzentrierter Hyalurons\u00e4ure, die f\u00fcr eine erh\u00f6hte Feuchtigkeitszufuhr sorgen und eine Barrierewirkung an der Faser entfalten. F\u00fcr eine glatte Haarstruktur, geschmeidiges, weiches Haar mit optimaler Strahlkraft. Der Duft der Lotusblume im Einklang mit dem \u00e4therischen Ylang-Ylang-\u00d6l schlie\u00dft sich mit leicht floralen, saftigen Fruchtnoten zu einem entspannenden Duft zusammen, der f\u00fcr Wohlf\u00fchlmomente sorgt. Vegane Formel.<\/p>\n<p><strong><em>300ml<\/em><\/strong><\/p>\n<p><strong>Anwendung<\/strong>:<br \/>\nGleichm\u00e4\u00dfig im gewaschenen, handtuchtrockenen Haar verteilen. Nicht aussp\u00fclen.<\/p>\n","protected":false},"excerpt":{"rendered":"<p>Der Lakm\u00e9\u00a0TEKNIA Frizz Control Conditioner Leave-In\u00a0ist ein z\u00e4hmender Conditioner f\u00fcr widerspenstiges Haar. Es entwirrt und kontrolliert die nat\u00fcrliche Kr\u00e4uselbildung von glattem oder lockigem Haar. Mit nativem Chia-\u00d6l und hochkonzentrierter Hyalurons\u00e4ure, die f\u00fcr eine erh\u00f6hte Feuchtigkeitszufuhr sorgen und eine Barrierewirkung an der Faser entfalten. F\u00fcr eine glatte Haarstruktur, geschmeidiges, weiches Haar mit optimaler Strahlkraft. Der Duft [&hellip;]<\/p>\n","protected":false},"featured_media":511,"comment_status":"open","ping_status":"closed","template":"","meta":{"_et_pb_use_builder":"","_et_pb_old_content":"","_et_gb_content_width":""},"product_brand":[],"product_cat":[37],"product_tag":[],"class_list":{"0":"post-142","1":"product","2":"type-product","3":"status-publish","4":"has-post-thumbnail","6":"product_cat-teknia","8":"first","9":"instock","10":"shipping-taxable","11":"purchasable","12":"product-type-simple"},"_links":{"self":[{"href":"https:\/\/schnip-schnap.ch\/index.php\/wp-json\/wp\/v2\/product\/142","targetHints":{"allow":["GET"]}}],"collection":[{"href":"https:\/\/schnip-schnap.ch\/index.php\/wp-json\/wp\/v2\/product"}],"about":[{"href":"https:\/\/schnip-schnap.ch\/index.php\/wp-json\/wp\/v2\/types\/product"}],"replies":[{"embeddable":true,"href":"https:\/\/schnip-schnap.ch\/index.php\/wp-json\/wp\/v2\/comments?post=142"}],"wp:featuredmedia":[{"embeddable":true,"href":"https:\/\/schnip-schnap.ch\/index.php\/wp-json\/wp\/v2\/media\/511"}],"wp:attachment":[{"href":"https:\/\/schnip-schnap.ch\/index.php\/wp-json\/wp\/v2\/media?parent=142"}],"wp:term":[{"taxonomy":"product_brand","embeddable":true,"href":"https:\/\/schnip-schnap.ch\/index.php\/wp-json\/wp\/v2\/product_brand?post=142"},{"taxonomy":"product_cat","embeddable":true,"href":"https:\/\/schnip-schnap.ch\/index.php\/wp-json\/wp\/v2\/product_cat?post=142"},{"taxonomy":"product_tag","embeddable":true,"href":"https:\/\/schnip-schnap.ch\/index.php\/wp-json\/wp\/v2\/product_tag?post=142"}],"curies":[{"name":"wp","href":"https:\/\/api.w.org\/{rel}","templated":true}]}}